{"id":4574,"date":"2026-04-07T14:49:14","date_gmt":"2026-04-07T20:49:14","guid":{"rendered":"https:\/\/exmprifrut.com\/?post_type=product&#038;p=4574"},"modified":"2026-04-07T14:49:14","modified_gmt":"2026-04-07T20:49:14","slug":"jarabe-para-preparar-agua-de-sabor-fresa-250-ml","status":"publish","type":"product","link":"https:\/\/exmprifrut.com\/index.php\/product\/jarabe-para-preparar-agua-de-sabor-fresa-250-ml\/","title":{"rendered":"Jarabe para preparar agua de sabor FRESA, 250 ml"},"content":{"rendered":"<p><strong>Dulce, natural y tradicional sabor a fresa.<\/strong><\/p>\n<p><strong>Ingredientes:<\/strong> Pulpa de fresa, agua, az\u00facar, \u00e1cido c\u00edtrico y benzoato de sodio como conservador.<\/p>\n<ul>\n<li>Sabor afrutado y suave.<\/li>\n<li><strong>\u00a0Ya endulzado, no requiere az\u00facar adicional.<\/strong><\/li>\n<li><strong>Perfecto para aguas frescas, gelatinas y postres.<\/strong><\/li>\n<li><strong>Rinde hasta 2 litros ya preparado.<\/strong><\/li>\n<\/ul>\n","protected":false},"excerpt":{"rendered":"<p>Jarabe para preparar agua de sabor FRESA, 250 ml<\/p>\n","protected":false},"featured_media":4575,"comment_status":"open","ping_status":"closed","template":"","meta":[],"product_brand":[],"product_cat":[75,43,53],"product_tag":[63,67,74,54],"class_list":{"0":"post-4574","1":"product","2":"type-product","3":"status-publish","4":"has-post-thumbnail","6":"product_cat-250ml","7":"product_cat-bebidas","8":"product_cat-jarabes","9":"product_tag-250ml","10":"product_tag-endulzado","11":"product_tag-fresa","12":"product_tag-jarabe","14":"first","15":"instock","16":"sale","17":"shipping-taxable","18":"purchasable","19":"product-type-simple"},"jetpack_sharing_enabled":true,"_links":{"self":[{"href":"https:\/\/exmprifrut.com\/index.php\/wp-json\/wp\/v2\/product\/4574","targetHints":{"allow":["GET"]}}],"collection":[{"href":"https:\/\/exmprifrut.com\/index.php\/wp-json\/wp\/v2\/product"}],"about":[{"href":"https:\/\/exmprifrut.com\/index.php\/wp-json\/wp\/v2\/types\/product"}],"replies":[{"embeddable":true,"href":"https:\/\/exmprifrut.com\/index.php\/wp-json\/wp\/v2\/comments?post=4574"}],"wp:featuredmedia":[{"embeddable":true,"href":"https:\/\/exmprifrut.com\/index.php\/wp-json\/wp\/v2\/media\/4575"}],"wp:attachment":[{"href":"https:\/\/exmprifrut.com\/index.php\/wp-json\/wp\/v2\/media?parent=4574"}],"wp:term":[{"taxonomy":"product_brand","embeddable":true,"href":"https:\/\/exmprifrut.com\/index.php\/wp-json\/wp\/v2\/product_brand?post=4574"},{"taxonomy":"product_cat","embeddable":true,"href":"https:\/\/exmprifrut.com\/index.php\/wp-json\/wp\/v2\/product_cat?post=4574"},{"taxonomy":"product_tag","embeddable":true,"href":"https:\/\/exmprifrut.com\/index.php\/wp-json\/wp\/v2\/product_tag?post=4574"}],"curies":[{"name":"wp","href":"https:\/\/api.w.org\/{rel}","templated":true}]}}